d - 272 - 166 = 5*g, 5*d - 2*g - 1137 = 0. Let q = -163 + d. Calculate the remainder when q is divided by 17.
15
Let l(v) = 6*v**2 - 77*v - 2. What is the remainder when 357 is divided by l(13)?
5
Let t be 2/(-4) - (-111)/2. Let c = 827 - 822. Suppose 10 = c*f - t. What is the remainder when f is divided by 7?
6
Let z = 110 - 96. Let x(v) = 2*v**2 + 8*v - 17. What is the remainder when x(-7) is divided by z?
11
Let x be (-1)/2 - (-277)/2. Suppose -5*q + x = -q - 2*b, 0 = q - 3*b - 47. Calculate the remainder when (-1)/(-2) - (-1040)/q is divided by 12.
9
Let d = -13 + 16. Suppose 65 = 31*i - 28. What is the remainder when i is divided by d?
0
Calculate the remainder when (20/(-12))/((-10)/348) is divided by -5*(-5)/(15/18).
28
What is the remainder when 94 is divided by (5 - (-308)/12) + (-4)/(-3)?
30
Suppose 2*y - 2*k = 334, -2*y + 5*k = -220 - 105. Let g = y + -160. What is the remainder when 148 is divided by g?
8
Suppose 4*y - 7 = 29. What is the remainder when (2/(-6))/(1/(-78)) is divided by y?
8
Suppose j - 3*y = 73, 54*y = 5*j + 55*y - 301. Calculate the remainder when 194 is divided by j.
11
Suppose -27*a = -11*a - 272. Let b = -15 - -5. Let g(h) = -4*h - 10. Calculate the remainder when g(b) is divided by a.
13
What is the remainder when 113 is divided by (-4)/6 + (-1557)/(-27)?
56
What is the remainder when 209 is divided by (-3)/((-9)/6) + 36 + 2?
9
What is the remainder when 245 is divided by 21/(315/1200) - (2 - -2)?
17
Let g = 7 - -6. Let x = -25 - -25. Suppose x = 7*q + 7 - 63. Calculate the remainder when g is divided by q.
5
Calculate the remainder when 337 is divided by -1 - 1 - (-84 - -14).
65
Suppose j + 3*x + 126 = 0, 2*x = -4*j + x - 449. Let h = j - -151. Calculate the remainder when h is divided by 1/(2/28 - 0).
12
Let r(a) = 2*a + 59. Suppose 2*b = -4*y, 0*b - y = 5*b - 18. Calculate the remainder when r(-23) is divided by b.
1
Calculate the remainder when 1053 is divided by (-2480)/40*(0 + -1).
61
Suppose 0 = -18*b + 13*b + 405. Calculate the remainder when b is divided by 21.
18
Let m(s) = 52*s**3 + 2*s**2 - 2*s + 1. Let i be (-166)/(-6) - (-4)/(-6). Let v(w) = w**2 - 26*w - 9. What is the remainder when m(1) is divided by v(i)?
17
Let z(g) = g**3 + 15*g**2 + 28*g - 43. Calculate the remainder when 120 is divided by z(-12).
14
Let m be -3 + 7 + -2 - -1. What is the remainder when 43 is divided by (m/(-6))/(4/(-72))?
7
Let h(q) = 3*q**2 - 36*q - 152. What is the remainder when h(-6) is divided by 39?
16
Suppose 28 + 8 = 3*h. Let f = 219 - 184. What is the remainder when f is divided by h?
11
What is the remainder when 192 is divided by (2/((-4)/6))/((-4)/12)?
3
Let a(x) = 16*x + 229. What is the remainder when a(0) is divided by 10?
9
Let o(s) = 3*s + 2. Let k be o(5). Let m be k*(-2)/(1 - 3). Suppose -21*d = -m*d - 184. What is the remainder when d is divided by 8?
6
Suppose 11*x - 16 = 7*x. Calculate the remainder when 1464/52 - x/26 is divided by 11.
6
Suppose -664*o + 78 = -658*o. Calculate the remainder when 283 is divided by o.
10
Let i(f) = -103*f**3 - 2*f**2 - 2*f - 1. Suppose -604*l + 930*l - 7172 = 0. Calculate the remainder when i(-1) is divided by l.
14
Let k = 32 - -18. Suppose 2*t - k = -2*n, -3*n + 5*t + 11 = -24. What is the remainder when 38 is divided by n?
18
Let w = -1917 - -1938. Let u = -12 + 70. What is the remainder when u is divided by w?
16
Let u = 1173 - 504. Calculate the remainder when u is divided by 14.
11
Let j = -47 + 53. Calculate the remainder when 44/3*(2/(-4) - -2) is divided by j.
4
Let b = -111 - -93. Let y = 39 - b. Calculate the remainder when y is divided by 13.
5
Suppose -5*v - 28 = -o, -v - 4*v = 3*o - 4. Suppose 1 = 2*d - 23. What is the remainder when d is divided by o?
4
Let x(q) = -4*q**2 + 23*q + 35. Let w(s) = 2*s**2 - 11*s - 17. Let t(n) = 13*w(n) + 6*x(n). What is the remainder when t(8) is divided by 20?
17
Let g = -5 + 8. Let v = g - 1. Suppose v*r + 1 = 15. Calculate the remainder when 27 is divided by r.
6
Let p(r) = 2*r + 2. Let w be p(3). Let l = 27 - w. Suppose 47*j - 60 = -i + 49*j, 5*i - j = 273. What is the remainder when i is divided by l?
16
Suppose -138 = -4*i - 3*a, -3*a = 4*i + a - 140. Calculate the remainder when 523 is divided by i.
28
Let p(o) = -o**3 + 13*o**2 + 16*o - 19. Calculate the remainder when p(14) is divided by 1/2 - 22/(-4).
3
What is the remainder when 47 is divided by ((-68)/16)/((-8)/64)?
13
Let r(n) = -2*n - 10. Let t be r(0). Calculate the remainder when (1 - 3)/(t/105) is divided by 2.
1
Let d = 272 + -136. What is the remainder when d is divided by 13?
6
Suppose 5*x - 10 + 0 = 0. Suppose -a + 6 = x*a. Let t(v) = 20*v**2 - 15*v + 1. What is the remainder when t(1) is divided by a?
0
Suppose 10*c = 2*c - 5184. What is the remainder when 95 is divided by (c/45)/(6/(-20))?
47
What is the remainder when 75 is divided by 1403/92 - 1*(-15)/(-12)?
5
Suppose 4*k - 4*w = -w + 47, -31 = -2*k + 3*w. Let u be (-2)/((-2)/3) + -3. Suppose u*l - 28 = -l. What is the remainder when l is divided by k?
4
Let v = -223 + 357. What is the remainder when v is divided by 32?
6
Let i(o) = -2*o**3 + 31*o**2 - 13*o - 4. Calculate the remainder when 78 is divided by i(15).
0
Let u = 98 + -56. Calculate the remainder when 332 is divided by u.
38
Calculate the remainder when 33 is divided by 110/(-44)*4*(-3)/3.
3
Suppose -5*s - 4 = -2*n + 24, -n + 5*s + 4 = 0. Calculate the remainder when 69 is divided by n.
21
Let q(h) = -h**3 - h**2 - 2*h + 1. Suppose 5 - 1 = -2*l. Suppose -8*d + 7*d = 4*u - 18, 36 = -9*u. Calculate the remainder when d is divided by q(l).
7
Let s = 1123 + -1093. What is the remainder when (-5)/(15/9) - -152 is divided by s?
29
Suppose 2*r + 33*r - 3570 = 0. Calculate the remainder when r is divided by 22.
14
Let y = 59 - 63. Let c = 28 + -41. Let g = y - c. What is the remainder when 44 is divided by g?
8
Suppose 0 = -n - 2*d + 244, 2*d = -2*n - 158 + 654. What is the remainder when n is divided by 30?
12
Let x(h) = h**2 + 4*h - 13. Let w = 120 + -65. What is the remainder when w is divided by x(4)?
17
Let u = 21 + 4. Let k(f) = -f**3 - 16*f**2 - 35*f - 3. What is the remainder when k(-14) is divided by u?
20
Let z(o) = -23*o - 17. Let v(m) = -23*m - 15. Let q(i) = 5*v(i) - 4*z(i). Suppose 0 = -2*w + 125 - 1. What is the remainder when w is divided by q(-1)?
14
Let o(c) = 2*c**2 + 22*c + 107. What is the remainder when o(-19) is divided by 26?
21
Let u be (-4)/(-22) - 576/(-99). Suppose u*k + 3 = 75. What is the remainder when k is divided by 1?
0
Suppose -5*d = -p - 10, -15 = -d - 4*d. What is the remainder when p - (3 + -2 + -1 - 3) is divided by 4?
0
Suppose -6*m + 1 = 19. Let x be 16/m*(-39)/52. Calculate the remainder when 88 is divided by 93/x - 16/64.
19
Let w = -956 + 1212. What is the remainder when w is divided by 26?
22
Let i(u) = -3*u + 20*u**2 + 5*u + 1 - 2. Calculate the remainder when 2*-1*(-1 + 111/(-6)) is divided by i(1).
18
Suppose -36 + 16 = -4*g. Suppose -5*m - 5*o = 12 - 87, -g*o + 23 = m. Calculate the remainder when 103 is divided by m.
12
What is the remainder when (-1)/2*(-220 + (-7 - -3)) is divided by 32?
16
Let s(c) = 9*c - 21. Let v be s(3). Let j = v + -3. Calculate the remainder when 7 is divided by j.
1
Let s = -10 + 12. What is the remainder when (-10)/40*-52 + (2 - -2) is divided by s?
1
Let q(w) = w**3 - 3*w**2 - 2*w + 2. Let k be q(3). What is the remainder when 59 is divided by 8 - -3 - 1*k?
14
Let z(p) = -3*p - 25. Suppose -3*x + 27 = -3*a - 6*x, 2*a = -3*x - 15. Calculate the remainder when 18 is divided by z(a).
7
Suppose 4*j = -5*m + 30, -5*m + 3*j - 7 + 2 = 0. Calculate the remainder when (6 - m)/((-14)/(-21)) is divided by 2.
0
Let a(l) = 3*l + 8. Let u be a(-7). Let o(q) = -3*q - 17. Calculate the remainder when 173 is divided by o(u).
19
Let h(l) = -l**2 + 19*l + 26. Let t = -20 + 39. Let y(o) = -3*o - 5. Calculate the remainder when h(t) is divided by y(-4).
5
Suppose 5*r - 9 = 26. Suppose -2*p = -8 - 0. Calculate the remainder when r is divided by p.
3
Calculate the remainder when 19/((-9)/(-405)*9) is divided by 43.
9
Suppose -6*u + 67 + 11 = 0. Calculate the remainder when u is divided by ((-18)/(-10))/(18/90).
4
Let l be ((-12)/(-9) + -1)*-339. Let r = l + 68. What is the remainder w